e p(2). Suppose -w = t - 1183. Is t composite?
False
Let g(v) = -16*v - 15. Let w be g(4). Let t = 6 - w. Is t composite?
True
Suppose q - 13 = -4*q - 4*i, 0 = 2*q - i. Let l(w) = -3*w**2 + 3*w + 5*w**2 + 3 - q. Is l(-7) prime?
True
Is (6 + 1 + -1269)*(-2)/4 composite?
False
Let r = -794 - -9100. Is r prime?
False
Let n(m) = 85*m**2 - 21*m + 9. Is n(20) prime?
True
Suppose -12*n + 18*n = -1380. Let d = n + 537. Is d prime?
True
Suppose -20 = -x - 4*x. Suppose 2*h - 2*k = -x*k + 186, 2*k - 281 = -3*h. Suppose -10 = -3*j + j, h = 2*d + 5*j. Is d a prime number?
False
Let r = -660 - -1055. Is r prime?
False
Let y = -792 - -323. Let m = -98 - y. Is m prime?
False
Let r = -36 - -36. Suppose -4*t - 4*m = -m - 385, 4*t - m - 373 = r. Is t composite?
True
Let f(v) be the second derivative of v**4/12 - 7*v**3/2 - 41*v**2/2 + 13*v. Is f(-22) a prime number?
False
Is (2*29/(-4)*-548)/2 composite?
True
Suppose -13229 = -32*b + 27059. Is b a prime number?
True
Suppose 250322 = 9*c - 66937. Is c composite?
False
Let g = 29409 + -3536. Is g composite?
False
Suppose -46*k + 665343 = 17*k. Is k prime?
False
Let i = -7284 - -14939. Is i composite?
True
Is 6/(-3)*(-106)/4*277 composite?
True
Let k(d) = -d**3 + 4*d - 3. Let w be k(2). Let y be (-5055)/(-18) - w/18. Let u = y - -14. Is u prime?
False
Let q(l) = l**3 - 4*l**2 - 6*l + 5. Let j be q(5). Let k = 0 - j. Suppose k = -0*a + 4*a - 4*c - 92, -2*a - 3*c + 56 = 0. Is a a composite number?
True
Suppose 38046 = 4*h - 15*r + 16*r, 2*r = -h + 9515. Is h composite?
False
Let i(f) = 13 - f + 2*f + 21. Suppose -4*w + 4*z - 20 = 0, 3*w + z - 5 = 2*w. Is i(w) prime?
False
Suppose 13*y = 10*y - k + 45110, 5*y - 75188 = 3*k. Is y prime?
False
Let c = 6238 + 4567. Is c a composite number?
True
Suppose -9*g + 8 = -5*g. Let k(b) = -12*b**2 - 2*b**g - 20*b - 2*b**3 - 6*b**3 - 18 + 9*b**3. Is k(17) composite?
False
Let d = -47 - -45. Let o(h) = -191*h**3 + 2*h**2 + 4*h - 1. Is o(d) a prime number?
False
Let l be 188/(-8)*-16 - 0. Let u = l - 245. Is u a composite number?
False
Let v = 6041 - 3546. Is v a prime number?
False
Let y(p) = 12*p**2 + p - 12. Is y(5) composite?
False
Let p(v) = -v**3 + 4*v**2 - v + 7. Let n be p(4). Suppose 37 = n*o + 13. Let r(z) = 17*z + 25. Is r(o) composite?
True
Let s be 636/78 - (-4)/(-26). Let u = 16 - s. Let y(j) = -j**3 + 8*j**2 + 19. Is y(u) composite?
False
Let x(a) = 2*a + 52. Let u be x(-17). Let k = 811 + u. Is k prime?
True
Let g be (5/3)/((-2)/(-30)). Let i = g + -37. Is (-129)/i + 6/(-8) a composite number?
True
Let c(y) = 11208*y**2 - 11*y - 12. Is c(-1) composite?
True
Let j(a) = 109*a**2 - 1. Let w be j(1). Suppose -9*l - 5*l = 0. Suppose l = 4*t - 80 - w. Is t composite?
False
Let o(h) be the third derivative of -h**4/24 - 5*h**3/6 + 5*h**2. Let k be o(-7). Is (-104)/6*(-3)/k prime?
False
Let q(z) = 2194*z - 379. Is q(11) composite?
True
Is 40 + 3090 - (2 + 1) a prime number?
False
Let n = 146664 + -103381. Is n a prime number?
True
Let v = -99 - -361. Is v a composite number?
True
Let z(g) = 17*g**2 - 33*g + 2. Let q be z(-12). Is 6/14 - (-2 - q/7) a prime number?
True
Let r(h) = h**3 + 22*h**2 - 39*h - 55. Is r(-18) prime?
False
Suppose 5*z = 3*z + 26. Let h(r) = r**2 - 14*r + 16. Let a be h(z). Suppose -5*p + a*p = -322. Is p a composite number?
True
Let m = 18 + 240. Suppose -5*v = 5, -3*o - v = -m - 278. Is o a composite number?
False
Suppose 3*u + 2*c + 1 = 2*u, 2*c = 2*u + 2. Let j(b) = -4*b**3 + b**2 - b - 2. Let z be j(u). Suppose -z*v + 5*v = 211. Is v prime?
True
Let h(b) = b**3 + 24*b**2 + 30*b. Let q be h(-13). Suppose -4*p - 4*r + 1386 = -4550, p - q = 4*r. Is p a composite number?
False
Suppose 15 = 5*u - 0*u. Suppose -5*p + 1745 = -3*d, d - 3*d = -2*p + 698. Suppose 4*j + n = u*j + 111, 3*j - n = p. Is j a prime number?
False
Let v(s) = -s**3 + 4*s**2 - 5. Let r be v(4). Let l(y) = -13*y**3 - 5*y**2 - 7*y - 5. Let m be l(r). Suppose -h + a = -338, a - 154 = -5*h + m. Is h composite?
False
Let k(g) = -g**3 + 8*g**2 + g - 10. Let y be k(8). Is (3/y)/((-1)/408) - -1 a prime number?
True
Let q(g) be the third derivative of -g**2 - 17/6*g**3 + 13/12*g**4 + 0 + 0*g. Is q(8) composite?
False
Let j = -8 - -22. Suppose 5*z = j*z - 15597. Is z composite?
False
Suppose -10 = -2*w + c, 3*w + 4*c = 2*c + 1. Is 494/6*w + 4 composite?
False
Let v(y) = y**3 + 10*y**2 - 9*y + 24. Let l be v(-11). Suppose -l*z = -z - 5. Suppose 0 = -z*j + 2*j + 867. Is j a composite number?
True
Suppose 3*p - 12148 = -5*n, 0 = -5*n - 5*p - 1744 + 13894. Is n a prime number?
False
Let k = 19 - 13. Suppose 4*w + s = 10504, 13155 = 5*w + s - k*s. Is w a composite number?
True
Let g(p) be the second derivative of p**4/6 + p**3/2 - 6*p**2 - 7*p. Suppose 2*n + 16 = 5*d - 2, 5*n + 45 = -4*d. Is g(n) composite?
True
Suppose -5 = -4*y + 23. Suppose -23 = -4*m - y. Suppose m*v = -4*w + 60, -15 = -0*v + v - 5*w. Is v prime?
False
Suppose -3*u + 5*p + 3 = 0, p + 3 = 3*u - 0. Let f be (8/8)/(u/851). Suppose 377 = 4*x - f. Is x a composite number?
False
Suppose 0 = 4*i + 8, 8*i = -c + 3*i - 8. Is (503 - c/2) + 1 a composite number?
False
Let w = 1404 - 997. Suppose w = g - 800. Is g a prime number?
False
Let d be (33/9)/(3/9). Let k(c) = -c**2 + 19*c - 21. Is k(d) prime?
True
Let g(l) = -l**3 + 4*l**2 + 7*l - 11. Let h be g(5). Let d be (-7)/21 - (-10)/(-6). Is h/d*(7 - -127) a composite number?
False
Let c(k) = 19*k**3 + 2*k**2 + k + 1. Suppose -n + 2 = 2*a, -3*a - 15 = 2*a. Let p(q) = -2*q + 18. Let y be p(n). Is c(y) composite?
False
Is -3 - -55312 - ((-3 - 5) + 10) prime?
False
Is (8 + -6)*2287/2 a composite number?
False
Let w(b) = 5*b - 2. Suppose -2*o - 2 + 1 = -v, 4*v - 2*o + 8 = 0. Let u = 6 + v. Is w(u) composite?
False
Let f = 1569 + -534. Suppose -5*p = -5*w + f, -4*w - 5*p + 696 = -114. Is w prime?
False
Let w = -40 - -58. Suppose 5*t - 14 = -2*t. Suppose t*p - 26 = w. Is p a composite number?
True
Let m(q) = -1168*q + 231. Is m(-22) a prime number?
False
Suppose -o + 12989 = 3*x, -2*x + 39364 = 3*o + 369. Is o a prime number?
True
Let x be -2*6/8 + (-13035)/(-6). Suppose -958 - x = -7*f. Is f a prime number?
False
Suppose 0 = 3*o - 12, 4*o = 3*d + 8*o - 6997. Is d composite?
True
Let h be 33/5 + 4/10. Let j(s) = -19*s**2 - 3*s - 6. Let x be j(-5). Is x/(-3) - h/21 prime?
False
Suppose -20*a - 160685 = -25*a. Is a a composite number?
True
Let s(y) = 215*y - 79. Is s(6) prime?
False
Let k be (-4)/(-6) - 1/3*-7. Suppose 2*l + l - 2964 = -k*t, 3*l - 5*t - 2924 = 0. Is l prime?
True
Suppose 1248898 = 54*i + 20*i. Is i a prime number?
False
Let o(m) = -204*m - 50. Let p be o(-8). Let v = p + -861. Is v a composite number?
True
Let g be 143/(-22)*2*-2. Let u = 33 + g. Is u a composite number?
False
Suppose -14*d - 1360 = -19*d. Let c = -175 + d. Is c composite?
False
Let b(h) = -h**3 - 11*h - 6. Let k be b(5). Let l = k + 907. Is l composite?
True
Let i be (912/(-9))/4 - (-4)/(-6). Is (18967/i)/(1/4*-2) composite?
False
Let k(g) = -38*g**3 - 2*g**2 - 3. Let h be k(-3). Suppose 7*f + h = 12*f. Is f a prime number?
False
Let r(p) = -p**2 + 16*p - 13. Let z be r(15). Suppose z*v - 95 - 38 = -k, 3*k - 5*v - 344 = 0. Is k prime?
False
Suppose 3*u - 33 = 9. Is (-4)/u + 71461/91 a prime number?
False
Let m(o) = 2*o**2 - 4*o + 6*o**2 + 0*o - 1. Is m(4) composite?
True
Suppose -12 = -2*m + 3*m + g, -g = 0. Let r = 217 + -221. Is 0*r/m + 146 composite?
True
Suppose 5*f + 33 = -2*o, 2*f + 0*f - o = -6. Let j(a) = 12*a + 3. Let i(m) = m**2 + 24*m + 7. Let q(t) = f*j(t) + 2*i(t). Is q(9) prime?
True
Let l = -35024 + 60475. Is l a composite number?
True
Let l(n) = -237*n - 157. Is l(-14) prime?
False
Let i be (-2)/(-7) + (-188)/(-28). Suppose -5*l + 1407 = -1148. Suppose 6*b + l = i*b. Is b prime?
False
Let s(c) = -3446*c + 221. Is s(-3) a composite number?
False
Let i be ((-15)/4)/15 + 5046/(-8). Let u(m) = 1129*m - 1. Let o be u(1). Let s = i + o. Is s composite?
True
Let m(x) = 124*x**2 - x + 2. Suppose -2*j + 11 = -a, 2 - 3 = 3*j + 2*a. Is m(j) a prime number?
False
Let k be ((-176)/(-12))/((-2)/(-6)). Let n be k/12 + 2/(-3). Is 213/2*2/n prime?
True
Suppose 6*s - s - 5*l = 35, 0 = -2*s - 5*l. Suppose s*u - 3*u - 174 = 0. Is u composite?
True
Let p = -637 - -3344. Is p a prime number?
True
Let d(y) = y + 19